{"id":104,"date":"2011-04-30T23:46:39","date_gmt":"2011-04-30T23:46:39","guid":{"rendered":"http:\/\/vu2057.harry.1984.is\/?page_id=104"},"modified":"2026-02-06T12:15:22","modified_gmt":"2026-02-06T12:15:22","slug":"islenskir-raektendur","status":"publish","type":"page","link":"https:\/\/www.vorsteh.is\/?page_id=104","title":{"rendered":"\u00cdslenskir r\u00e6ktendur"},"content":{"rendered":"\n<figure class=\"wp-block-table is-style-stripes\"><table><tbody><tr><td>R\u00e6ktun<\/td><td>GSP \/<br>GWP<\/td><td>R\u00e6ktandi<\/td><td>S\u00ed\u00f0asta<br>   got<\/td><\/tr><tr><td><a href=\"https:\/\/www.facebook.com\/profile.php?id=100089366450711\" data-type=\"link\" data-id=\"https:\/\/www.facebook.com\/profile.php?id=100089366450711\">Svartn\u00e6ttis<\/a><\/td><td>GSP<\/td><td>Hafr\u00fan Sigur\u00f0ard\u00f3ttir<\/td><td>2025<\/td><\/tr><tr><td><a href=\"https:\/\/www.facebook.com\/profile.php?id=61559563941939\" data-type=\"URL\" data-id=\"https:\/\/www.facebook.com\/profile.php?id=61559563941939\">Arctic Artemis<\/a><\/td><td>GWP<\/td><td>S\u00f6lvi Bern\u00f3dus Helgason<\/td><td>2024<\/td><\/tr><tr><td><a href=\"https:\/\/www.facebook.com\/IceArtemis\/\">Ice Artemis<\/a> <\/td><td>GWP<\/td><td>L\u00e1rus Eggertsson<\/td><td>2021<\/td><\/tr><tr><td><a href=\"https:\/\/www.facebook.com\/hladbrekkukennel\/\">Hla\u00f0brekku<\/a><\/td><td>GWP<\/td><td>Sigur\u00f0ur A. Vilhj\u00e1lmsson<\/td><td>2021<\/td><\/tr><tr><td>Fjallatinda<\/td><td>GSP<\/td><td>Gunnar P\u00e9tur R\u00f3bertsson<\/td><td>2018<\/td><\/tr><tr><td><a href=\"https:\/\/www.facebook.com\/profile.php?id=100063619719983\">Zeldu<\/a><\/td><td>GSP<\/td><td>Kjartan Antonsson<\/td><td>2022<\/td><\/tr><tr><td>Vei\u00f0imela<\/td><td>GSP<\/td><td>P\u00e9tur Alan Gu\u00f0mundsson<\/td><td>2021<br><\/td><\/tr><tr><td><a href=\"http:\/\/www.bendishundar.is\/\">Bendishundar<\/a><\/td><td>GSP<\/td><td>Einar P\u00e1ll Gar\u00f0arsson<\/td><td>2012<\/td><\/tr><tr><td>K\u00f3pavogs<\/td><td>GSP<\/td><td>S\u00e6\u00fe\u00f3r Steingr\u00edmsson<\/td><td>2011<\/td><\/tr><tr><td>Stangarhei\u00f0ar<\/td><td>GSP<\/td><td>J\u00f3n Ingi Gu\u00f0mundsson<\/td><td>2011<\/td><\/tr><tr><td>Hei\u00f0nabergs<\/td><td>GSP<\/td><td>J\u00f3n H\u00e1kon \/ Sigr\u00ed\u00f0ur <br>A\u00f0alsteinsd\u00f3ttir<\/td><td>2010<\/td><\/tr><tr><td>Hvammsbrekku<\/td><td>GSP<\/td><td>Sverrir Tryggvason<\/td><td>2009<\/td><\/tr><tr><td>Go\u00f0heima<\/td><td>GSP<\/td><td>Rafnkell J\u00f3nsson<\/td><td>2007<\/td><\/tr><tr><td>Zetu<\/td><td>GSP<\/td><td>Steinar \u00c1g\u00fastsson<\/td><td>2007<\/td><\/tr><tr><td>Esjugrundar<\/td><td>GSP<\/td><td>Svafar Ragnarsson<\/td><td>2006<\/td><\/tr><tr><td>Lj\u00f3ssins<\/td><td>GSP<\/td><td>Kristinn P\u00e1ll P\u00e1lsson<\/td><td>2005<\/td><\/tr><tr><td>T\u00f6fra<\/td><td>GSP<\/td><td>Monika og Berg\u00fe\u00f3r<\/td><td>2004<\/td><\/tr><tr><td>G\u00e6fu<\/td><td>GSP<\/td><td>\u00cdvar Erlendsson<\/td><td>1999<br><\/td><\/tr><tr><td>Arkenstone<\/td><td>GSP<\/td><td>Hilda Bj\u00f6rk Fri\u00f0riksd\u00f3ttir<\/td><td>2021<\/td><\/tr><\/tbody><\/table><\/figure>\n\n\n\n<h4 class=\"wp-block-heading\">GSP: German Shorthaired Pointer (Sn\u00f6ggh\u00e6r\u00f0ur Vorsteh)      <\/h4>\n\n\n\n<p>GWP: German Wirehaired Pointer (Str\u00fdh\u00e6r\u00f0ur Vorsteh)<\/p>\n","protected":false},"excerpt":{"rendered":"<p>R\u00e6ktun GSP \/GWP R\u00e6ktandi S\u00ed\u00f0asta got Svartn\u00e6ttis GSP Hafr\u00fan Sigur\u00f0ard\u00f3ttir 2025 Arctic Artemis GWP S\u00f6lvi Bern\u00f3dus Helgason 2024 Ice Artemis GWP L\u00e1rus Eggertsson 2021 Hla\u00f0brekku GWP Sigur\u00f0ur A. Vilhj\u00e1lmsson 2021 Fjallatinda GSP Gunnar P\u00e9tur R\u00f3bertsson 2018 Zeldu GSP Kjartan Antonsson &hellip; <a href=\"https:\/\/www.vorsteh.is\/?page_id=104\">Halda \u00e1fram a\u00f0 lesa <span class=\"meta-nav\">&rarr;<\/span><\/a><\/p>\n","protected":false},"author":1,"featured_media":0,"parent":5477,"menu_order":0,"comment_status":"closed","ping_status":"closed","template":"","meta":{"_monsterinsights_skip_tracking":false,"_monsterinsights_sitenote_active":false,"_monsterinsights_sitenote_note":"","_monsterinsights_sitenote_category":0,"ngg_post_thumbnail":0,"_mc_calendar":[],"footnotes":""},"class_list":["post-104","page","type-page","status-publish","hentry"],"_links":{"self":[{"href":"https:\/\/www.vorsteh.is\/index.php?rest_route=\/wp\/v2\/pages\/104","targetHints":{"allow":["GET"]}}],"collection":[{"href":"https:\/\/www.vorsteh.is\/index.php?rest_route=\/wp\/v2\/pages"}],"about":[{"href":"https:\/\/www.vorsteh.is\/index.php?rest_route=\/wp\/v2\/types\/page"}],"author":[{"embeddable":true,"href":"https:\/\/www.vorsteh.is\/index.php?rest_route=\/wp\/v2\/users\/1"}],"replies":[{"embeddable":true,"href":"https:\/\/www.vorsteh.is\/index.php?rest_route=%2Fwp%2Fv2%2Fcomments&post=104"}],"version-history":[{"count":52,"href":"https:\/\/www.vorsteh.is\/index.php?rest_route=\/wp\/v2\/pages\/104\/revisions"}],"predecessor-version":[{"id":7729,"href":"https:\/\/www.vorsteh.is\/index.php?rest_route=\/wp\/v2\/pages\/104\/revisions\/7729"}],"up":[{"embeddable":true,"href":"https:\/\/www.vorsteh.is\/index.php?rest_route=\/wp\/v2\/pages\/5477"}],"wp:attachment":[{"href":"https:\/\/www.vorsteh.is\/index.php?rest_route=%2Fwp%2Fv2%2Fmedia&parent=104"}],"curies":[{"name":"wp","href":"https:\/\/api.w.org\/{rel}","templated":true}]}}