{"id":1095,"date":"2011-11-23T22:39:20","date_gmt":"2011-11-23T22:39:20","guid":{"rendered":"http:\/\/www.vorsteh.is\/?page_id=1095"},"modified":"2026-02-20T01:16:19","modified_gmt":"2026-02-20T01:16:19","slug":"stigakeppni","status":"publish","type":"page","link":"https:\/\/www.vorsteh.is\/?page_id=1095","title":{"rendered":"Stigakeppni"},"content":{"rendered":"<h2>Reglur fyrir stigagj\u00f6f m\u00e1 finna <a href=\"http:\/\/www.vorsteh.is\/wp-content\/uploads\/2023\/02\/Stigatafla.pdf\">h\u00e9r<\/a>.<\/h2>\n\n\n<hr class=\"wp-block-separator has-alpha-channel-opacity\"\/>\n\n\n\n<p class=\"has-medium-font-size\"><strong>\u00darslit stigakeppni Vorstehdeildar \u00e1rsins 2025<\/strong><\/p>\n\n\n\n<p><a href=\"https:\/\/www.vorsteh.is\/?p=7734\">Stigah\u00e6stu hundar Vorstehdeildar \u00e1rsins 2025 | Vorsteh.is<\/a><\/p>\n\n\n\n<h2 class=\"wp-block-heading\"><strong>\u00darslit Stigakeppni Vorstehdeildar 2022<\/strong><\/h2>\n\n\n\n<p>H\u00e9r m\u00e1 finna \u00farslit \u00ed <a href=\"http:\/\/www.vorsteh.is\/wp-content\/uploads\/2023\/02\/Stigakepni-Vorstehdeildar.pdf\">stigakeppni Vorstehdeildar<\/a> vegna \u00e1rsins 2022.<\/p>\n\n\n\n<p>Ef einhverjar athugasemdir eru vegna stigagjafar, vinsamlegast sendi\u00f0 t\u00f6lvup\u00f3st \u00e1 p\u00f3stfangi\u00f0 vorsteh@vorsteh.is fyrir fimmtudaginn 16. febr\u00faar n\u00e6stkomandi.<\/p>\n\n\n<hr>\n<h2><strong>\u00darslit <\/strong><strong>Stigakeppni Vorstehdeildar <\/strong><strong>2021<\/strong><\/h2>\n<h2><a href=\"http:\/\/www.vorsteh.is\/wp-content\/uploads\/2022\/03\/Stigatafla-2021-urslit-2.pdf\">Stigatafla 2021<\/a><\/h2>\n<hr>\n<h2><strong>\u00darslit Stigakeppni Vorstehdeildar 2020<\/strong><\/h2>\n<h2><a href=\"http:\/\/www.vorsteh.is\/wp-content\/uploads\/2021\/01\/Stigatafla-2020.pdf\" target=\"_blank\" rel=\"noopener noreferrer\">Stigatafla 2020<\/a><\/h2>\n<hr>\n<h3>\u00ed vinnslu fyrir 2019<\/h3>\n<h3>H\u00e9r er skortafla Vorstehdeildar sem unni\u00f0 er eftir \u00ed stigakeppninni \u00e1ri\u00f0 2019:<\/h3>\n<h1><a href=\"http:\/\/www.vorsteh.is\/wp-content\/uploads\/2016\/02\/Stigagjof_2016.pdf\">Skortafla 2019<\/a><\/h1>\n<h4>&nbsp;Eftir \u00e1ri\u00f0 eru stigah\u00e6stu hundar \u00ed Keppnisflokk, Opnum flokk og Unghundaflokk hei\u00f0ra\u00f0ir, einnig er stigah\u00e6sti hundur &#8222;Over All&#8220; hei\u00f0ra\u00f0ur.<br \/>Reglur stigakeppninar eru eftirfarandi og voru sam\u00feykktar \u00e1 \u00e1rsfundi deildarinnar 19.mars.<br \/>Sta\u00f0an er svo \u00fear fyrir ne\u00f0an.<\/h4>\n<p><strong>Stigakeppni Vorstehdeildar \u00e1 \u00e1rinu 2019<\/strong><\/p>\n<p>Eftir \u00e1ri\u00f0 eru stigah\u00e6stu hundar \u00ed Keppnisflokk, Opnum flokk og Unghundaflokk hei\u00f0ra\u00f0ir, einnig er stigah\u00e6sti hundur \u201eOver All\u201c hei\u00f0ra\u00f0ur.<\/p>\n<p>Af gefnu tilefni er \u00fea\u00f0 a\u00f0 sj\u00e1lfs\u00f6g\u00f0u \u00feannig a\u00f0 til a\u00f0 f\u00e1 skr\u00e1\u00f0 stig \u00ed t.d. OF stigakeppninni \u00fearf a\u00f0 taka \u00fe\u00e1tt \u00ed OF og f\u00e1 stigin \u00fear.<\/p>\n<p>Eins er \u00fea\u00f0 \u00feannig a\u00f0 til a\u00f0 taka \u00fe\u00e1tt, og f\u00e1 skr\u00e1\u00f0 stig \u00ed KF stigakeppninni ver\u00f0ur a\u00f0 taka \u00fe\u00e1tt \u00ed KF og f\u00e1 stigin \u00fear.<\/p>\n<p>Eins er \u00fea\u00f0 \u00feannig a\u00f0 til a\u00f0 taka \u00fe\u00e1tt, og f\u00e1 skr\u00e1\u00f0 stig \u00ed UF stigakeppninni ver\u00f0ur a\u00f0 taka \u00fe\u00e1tt \u00ed UF og f\u00e1 stigin \u00fear.<\/p>\n<p>Ef ekki er teki\u00f0 \u00fe\u00e1tt, e\u00f0a skora\u00f0, \u00ed neinum hei\u00f0arpr\u00f3fum\/vei\u00f0ipr\u00f3fum\/s\u00e6kipr\u00f3fum \u00fe\u00e1 er h\u00e6gt a\u00f0 f\u00e1 skr\u00e1\u00f0 s\u00fdningarstigin \u00ed keppnina me\u00f0 eftirfarandi h\u00e6tti.<br \/>(ATH. Stigagj\u00f6fin er samkv\u00e6mt Stigat\u00f6flu Vorstehdeildar)<\/p>\n<p>Hundur sem er s\u00fdndur \u00ed UF og f\u00e6r Excelent f\u00e6r stigi\u00f0 sitt skr\u00e1\u00f0 \u00ed UF stigakeppnina. Hundur sem er s\u00fdndur \u00ed OF, og f\u00e6r Excelent, &nbsp;f\u00e6r stigi\u00f0 sitt skr\u00e1\u00f0 \u00ed OF stigakeppnina.<br \/><span style=\"color: #ff0000;\">N\u00fdtt \u00e1 \u00e1rinu 2019, og var sam\u00feykkt \u00e1 \u00e1rsfundi deildarinnar er a\u00f0 Ungli\u00f0ar f\u00e1 s\u00fdningarstig skr\u00e1\u00f0 \u00ed UF stigakeppnina ( Unghundaflokk )<\/span><\/p>\n<p>Hundar sem s\u00fdndir eru \u00ed &nbsp;Vinnu\/vei\u00f0ihundaflokki, \u00f6ldung, meistara, f\u00e1 stigi\u00f0 sitt skr\u00e1\u00f0 \u00ed \u00fe\u00e1 flokka stigakeppninar sem \u00feeir hafa skora\u00f0 \u00ed \u00e1 hei\u00f0inni \u00ed vei\u00f0ipr\u00f3fi.<br \/>Ef hundur tekur \u00fe\u00e1tt \u00ed \u00ferem flokkum (hefur skora\u00f0 stig \u00ed \u00ferem flokkum, \u00fe.e. UF, OF og KF) \u00de\u00e1 f\u00e6r hann s\u00fdningarstigin s\u00edn skr\u00e1\u00f0 \u00ed \u00feeim flokkum.<\/p>\n<p>Eins er \u00fea\u00f0 me\u00f0 s\u00e6kipr\u00f3fin, stig sem fengin eru \u00fear telja \u00ed \u00feeim flokkum sem teki\u00f0 er \u00fe\u00e1tt \u00ed \u00e1 hei\u00f0inni ( UF, OF e\u00f0a KF ) samanber s\u00fdningarstig.<\/p>\n<p>Hundur sem tekur einungis \u00fe\u00e1tt \u00ed s\u00e6kipr\u00f3fum f\u00e1 stigin s\u00edn skr\u00e1\u00f0 \u00ed \u00fe\u00e1 keppni sem s\u00e6kipr\u00f3fsflokkurinn segir til um. \u00de.e. ef hundur er \u00ed UF flokki \u00ed s\u00e6kipr\u00f3fi fara stigin \u00ed UF Stigakeppnina og ef hann er a\u00f0 sama skapi \u00ed OF \u00e1 s\u00e6kipr\u00f3fi fara stigin \u00ed OF stigakeppnina.<\/p>\n<p>Sem d\u00e6mi: Hundur sem tekur \u00fe\u00e1tt \u00ed OF \u00e1 s\u00fdningu\/s\u00e6kipr\u00f3fi og keppir \u00ed KF \u00e1 hei\u00f0apr\u00f3fi tekur s\u00fdningarstigi\u00f0\/s\u00e6kipr\u00f3fsstigi\u00f0 sitt me\u00f0 s\u00e9r \u00ed KF stigakeppnina. En hann er einnig a\u00f0 nota &nbsp;s\u00fdningarstigi\u00f0\/s\u00e6kipr\u00f3fsstigi\u00f0 sitt \u00ed \u00feeim flokki sem flokkurinn segir til um \u00ed s\u00e6kikeppninni ( \u00ed \u00feessu d\u00e6mi OF)<\/p>\n<p>Til a\u00f0 \u00fatsk\u00fdra stigah\u00e6sta hund OA \u00fe\u00e1 g\u00e6ti \u00fea\u00f0 til d\u00e6mis veri\u00f0 hundur sem byrjar \u00ed UF, f\u00e6rist svo upp \u00ed OF \u00e1 mi\u00f0ju \u00e1ri og endar kannski \u00ed KF, f\u00e6r stig \u00ed \u00f6llum flokkum sem leggjast saman, en \u00fe\u00e1 telja s\u00fdningarstig\/s\u00e6kipr\u00f3fsstig a\u00f0eins einu sinni.<\/p>\n<p>Stigin \u00feurfa ekki a\u00f0 koma \u00far m\u00f6rgum flokkum, \u00fev\u00ed hundur \u00ed KF g\u00e6ti h\u00e6glega veri\u00f0 me\u00f0 flestu stigin OA \u00far \u00feeim eina flokki.<\/p>\n<p>\u00deetta er kannski auglj\u00f3st, en r\u00e9tt a\u00f0 hafa \u00feetta \u00e1 bla\u00f0i sem n\u00e1kv\u00e6mast. Ef \u00e1litam\u00e1l koma upp \u00e1 mi\u00f0ju t\u00edmabili \u00farskur\u00f0ar stj\u00f3rn.<\/p>\n<p>Ef tveir e\u00f0a fleiri eru jafnir a\u00f0 stigum eftir \u00e1ri\u00f0 \u00ed UF stigakeppni eru \u00feeir b\u00e1\u00f0ir vi\u00f0urkenndir sem stigah\u00e6sti hundur \u00ed UF 1-2\u2026.e\u00f0a 1-3 \u2026 e\u00f0a \u2026 1-4<\/p>\n<p>Sama me\u00f0 OF, KF og OA.<\/p>\n<p>Munum a\u00f0 \u00feetta er gert til gamans og til \u00feess a\u00f0 skapa skemmtilega stemmningu \u00ed kring um \u00feetta fr\u00e1b\u00e6ra sport og f\u00e1 f\u00f3lk og hunda til a\u00f0 taka \u00fe\u00e1tt \u00ed vei\u00f0ipr\u00f3fum, s\u00e6kipr\u00f3fum og s\u00fdningum \ud83d\ude42<\/p>\n<h2>Stigakeppni &nbsp;Vorstehdeildar 2019 &#8211; sta\u00f0an:<\/h2>\n<p>ATH. Ef s\u00fdningarstig er me\u00f0 spurningarmerki fyrir aftan, merkir \u00fea\u00f0 a\u00f0 hundur hefur veri\u00f0 s\u00fdndur \u00ed Meistara, Vei\u00f0i\/vinnuhunda e\u00f0a \u00d6ldung og \u00e1 eftir a\u00f0 taka \u00fe\u00e1tt \u00e1 hei\u00f0inni til a\u00f0 \u00e1kve\u00f0a \u00ed hva\u00f0a stigakeppni stigi\u00f0 f\u00e6rist \u00ed. \u00deetta er sett inn svona til a\u00f0 halda \u00fev\u00ed til haga.<\/p>\n<p><a href=\"http:\/\/www.vorsteh.is\/wp-content\/uploads\/2020\/05\/Stigatafla-2019-eftir-\u00daRSLIT.pdf\" target=\"_blank\" rel=\"noopener noreferrer\"><img loading=\"lazy\" decoding=\"async\" class=\"alignnone wp-image-3955 size-full\" src=\"http:\/\/www.vorsteh.is\/wp-content\/uploads\/2016\/02\/Stigatafla-2016-samsett-logo.jpg\" alt=\"Stigatafla 2016 samsett logo\" width=\"257\" height=\"241\"><\/a><\/p>\n<p>&#8212;&#8212;&#8212;&#8212;&#8212;&#8212;&#8212;&#8212;&#8212;&#8212;&#8212;&#8212;&#8212;&#8212;&#8212;&#8212;&#8212;&#8212;&#8212;&#8212;&#8212;&#8212;&#8212;&#8212;&#8212;&#8212;&#8212;&#8212;&#8212;&#8212;&#8212;&#8212;&#8211;<br \/>H\u00e9r er skortafla Vorstehdeildar sem unni\u00f0 er eftir \u00ed stigakeppninni \u00e1ri\u00f0 2018:<\/p>\n<h1><a href=\"http:\/\/www.vorsteh.is\/wp-content\/uploads\/2016\/02\/Stigagjof_2016.pdf\">Skortafla 2018<\/a><\/h1>\n<h4>&nbsp;Eftir \u00e1ri\u00f0 eru stigah\u00e6stu hundar \u00ed Keppnisflokk, Opnum flokk og Unghundaflokk hei\u00f0ra\u00f0ir, einnig er stigah\u00e6sti hundur &#8222;Over All&#8220; hei\u00f0ra\u00f0ur.<br \/>Reglur stigakeppninar eru eftirfarandi og voru sam\u00feykktar \u00e1 \u00e1rsfundi deildarinnar 19.mars.<br \/>Sta\u00f0an er svo \u00fear fyrir ne\u00f0an.<\/h4>\n<p><strong>Stigakeppni Vorstehdeildar \u00e1 \u00e1rinu 2018<\/strong><\/p>\n<p>Eftir \u00e1ri\u00f0 eru stigah\u00e6stu hundar \u00ed Keppnisflokk, Opnum flokk og Unghundaflokk hei\u00f0ra\u00f0ir, einnig er stigah\u00e6sti hundur \u201eOver All\u201c hei\u00f0ra\u00f0ur.<\/p>\n<p>Af gefnu tilefni er \u00fea\u00f0 a\u00f0 sj\u00e1lfs\u00f6g\u00f0u \u00feannig a\u00f0 til a\u00f0 f\u00e1 skr\u00e1\u00f0 stig \u00ed t.d. OF stigakeppninni \u00fearf a\u00f0 taka \u00fe\u00e1tt \u00ed OF og f\u00e1 stigin \u00fear.<\/p>\n<p>Eins er \u00fea\u00f0 \u00feannig a\u00f0 til a\u00f0 taka \u00fe\u00e1tt, og f\u00e1 skr\u00e1\u00f0 stig \u00ed KF stigakeppninni ver\u00f0ur a\u00f0 taka \u00fe\u00e1tt \u00ed KF og f\u00e1 stigin \u00fear.<\/p>\n<p>Eins er \u00fea\u00f0 \u00feannig a\u00f0 til a\u00f0 taka \u00fe\u00e1tt, og f\u00e1 skr\u00e1\u00f0 stig \u00ed UF stigakeppninni ver\u00f0ur a\u00f0 taka \u00fe\u00e1tt \u00ed UF og f\u00e1 stigin \u00fear.<\/p>\n<p>Ef ekki er teki\u00f0 \u00fe\u00e1tt, e\u00f0a skora\u00f0, \u00ed neinum hei\u00f0arpr\u00f3fum\/vei\u00f0ipr\u00f3fum\/s\u00e6kipr\u00f3fum \u00fe\u00e1 er h\u00e6gt a\u00f0 f\u00e1 skr\u00e1\u00f0 s\u00fdningarstigin \u00ed keppnina me\u00f0 eftirfarandi h\u00e6tti.<br \/>(ATH. Stigagj\u00f6fin er samkv\u00e6mt Stigat\u00f6flu Vorstehdeildar)<\/p>\n<p>Hundur sem er s\u00fdndur \u00ed UF og f\u00e6r Excelent f\u00e6r stigi\u00f0 sitt skr\u00e1\u00f0 \u00ed UF stigakeppnina. Hundur sem er s\u00fdndur \u00ed OF, og f\u00e6r Excelent, &nbsp;f\u00e6r stigi\u00f0 sitt skr\u00e1\u00f0 \u00ed OF stigakeppnina.<\/p>\n<p>Hundar sem s\u00fdndir eru \u00ed &nbsp;Vinnu\/vei\u00f0ihundaflokki, \u00f6ldung, meistara, f\u00e1 stigi\u00f0 sitt skr\u00e1\u00f0 \u00ed \u00fe\u00e1 flokka stigakeppninar sem \u00feeir hafa skora\u00f0 \u00ed \u00e1 hei\u00f0inni \u00ed vei\u00f0ipr\u00f3fi.<br \/>Ef hundur tekur \u00fe\u00e1tt \u00ed \u00ferem flokkum (hefur skora\u00f0 stig \u00ed \u00ferem flokkum, \u00fe.e. UF, OF og KF) \u00de\u00e1 f\u00e6r hann s\u00fdningarstigin s\u00edn skr\u00e1\u00f0 \u00ed \u00feeim flokkum.<\/p>\n<p>Eins er \u00fea\u00f0 me\u00f0 s\u00e6kipr\u00f3fin, stig sem fengin eru \u00fear telja \u00ed \u00feeim flokkum sem teki\u00f0 er \u00fe\u00e1tt \u00ed \u00e1 hei\u00f0inni ( UF, OF e\u00f0a KF ) samanber s\u00fdningarstig.<\/p>\n<p>Hundur sem tekur einungis \u00fe\u00e1tt \u00ed s\u00e6kipr\u00f3fum f\u00e1 stigin s\u00edn skr\u00e1\u00f0 \u00ed \u00fe\u00e1 keppni sem s\u00e6kipr\u00f3fsflokkurinn segir til um. \u00de.e. ef hundur er \u00ed UF flokki \u00ed s\u00e6kipr\u00f3fi fara stigin \u00ed UF Stigakeppnina og ef hann er a\u00f0 sama skapi \u00ed OF \u00e1 s\u00e6kipr\u00f3fi fara stigin \u00ed OF stigakeppnina.<\/p>\n<p>Sem d\u00e6mi: Hundur sem tekur \u00fe\u00e1tt \u00ed OF \u00e1 s\u00fdningu\/s\u00e6kipr\u00f3fi og keppir \u00ed KF \u00e1 hei\u00f0apr\u00f3fi tekur s\u00fdningarstigi\u00f0\/s\u00e6kipr\u00f3fsstigi\u00f0 sitt me\u00f0 s\u00e9r \u00ed KF stigakeppnina. En hann er einnig a\u00f0 nota &nbsp;s\u00fdningarstigi\u00f0\/s\u00e6kipr\u00f3fsstigi\u00f0 sitt \u00ed \u00feeim flokki sem flokkurinn segir til um \u00ed s\u00e6kikeppninni ( \u00ed \u00feessu d\u00e6mi OF)<\/p>\n<p>Til a\u00f0 \u00fatsk\u00fdra stigah\u00e6sta hund OA \u00fe\u00e1 g\u00e6ti \u00fea\u00f0 til d\u00e6mis veri\u00f0 hundur sem byrjar \u00ed UF, f\u00e6rist svo upp \u00ed OF \u00e1 mi\u00f0ju \u00e1ri og endar kannski \u00ed KF, f\u00e6r stig \u00ed \u00f6llum flokkum sem leggjast saman, en \u00fe\u00e1 telja s\u00fdningarstig\/s\u00e6kipr\u00f3fsstig a\u00f0eins einu sinni.<\/p>\n<p>Stigin \u00feurfa ekki a\u00f0 koma \u00far m\u00f6rgum flokkum, \u00fev\u00ed hundur \u00ed KF g\u00e6ti h\u00e6glega veri\u00f0 me\u00f0 flestu stigin OA \u00far \u00feeim eina flokki.<\/p>\n<p>\u00deetta er kannski auglj\u00f3st, en r\u00e9tt a\u00f0 hafa \u00feetta \u00e1 bla\u00f0i sem n\u00e1kv\u00e6mast. Ef \u00e1litam\u00e1l koma upp \u00e1 mi\u00f0ju t\u00edmabili \u00farskur\u00f0ar stj\u00f3rn.<\/p>\n<p>Ef tveir e\u00f0a fleiri eru jafnir a\u00f0 stigum eftir \u00e1ri\u00f0 \u00ed UF stigakeppni eru \u00feeir b\u00e1\u00f0ir vi\u00f0urkenndir sem stigah\u00e6sti hundur \u00ed UF 1-2\u2026.e\u00f0a 1-3 \u2026 e\u00f0a \u2026 1-4<\/p>\n<p>Sama me\u00f0 OF, KF og OA.<\/p>\n<p>Munum a\u00f0 \u00feetta er gert til gamans og til \u00feess a\u00f0 skapa skemmtilega stemmningu \u00ed kring um \u00feetta fr\u00e1b\u00e6ra sport og f\u00e1 f\u00f3lk og hunda til a\u00f0 taka \u00fe\u00e1tt \u00ed vei\u00f0ipr\u00f3fum, s\u00e6kipr\u00f3fum og s\u00fdningum \ud83d\ude42<\/p>\n<h2>Stigakeppni &nbsp;Vorstehdeildar 2018 &#8211; sta\u00f0an:<\/h2>\n<p>ATH. Ef s\u00fdningarstig er me\u00f0 spurningarmerki fyrir aftan, merkir \u00fea\u00f0 a\u00f0 hundur hefur veri\u00f0 s\u00fdndur \u00ed Meistara, Vei\u00f0i\/vinnuhunda e\u00f0a \u00d6ldung og \u00e1 eftir a\u00f0 taka \u00fe\u00e1tt \u00e1 hei\u00f0inni til a\u00f0 \u00e1kve\u00f0a \u00ed hva\u00f0a stigakeppni stigi\u00f0 f\u00e6rist \u00ed. \u00deetta er sett inn svona til a\u00f0 halda \u00fev\u00ed til haga.<\/p>\n<p><a href=\"http:\/\/www.vorsteh.is\/wp-content\/uploads\/2019\/03\/Stigatafla-2018-eftir-Winter-wondreland-n\u00f3vember.pdf\" target=\"_blank\" rel=\"noopener noreferrer\"><img loading=\"lazy\" decoding=\"async\" class=\"alignnone wp-image-3955 size-full\" src=\"http:\/\/www.vorsteh.is\/wp-content\/uploads\/2016\/02\/Stigatafla-2016-samsett-logo.jpg\" alt=\"Stigatafla 2016 samsett logo\" width=\"257\" height=\"241\"><\/a><\/p>\n<h3>&nbsp;<\/h3>\n<h3>&nbsp;<\/h3>\n<h3>&nbsp;<\/h3>\n<h3>&nbsp;<\/h3>\n<h3>&nbsp;<\/h3>\n<h3>H\u00e9r er skortafla Vorstehdeildar sem unni\u00f0 er eftir \u00ed stigakeppninni \u00e1ri\u00f0 2017:<\/h3>\n<h1><a href=\"http:\/\/www.vorsteh.is\/wp-content\/uploads\/2016\/02\/Stigagjof_2016.pdf\">Skortafla 2017<\/a><\/h1>\n<h4>&nbsp;Eftir \u00e1ri\u00f0 eru stigah\u00e6stu hundar \u00ed Keppnisflokk, Opnum flokk og Unghundaflokk hei\u00f0ra\u00f0ir, einnig er stigah\u00e6sti hundur &#8222;Over All&#8220; hei\u00f0ra\u00f0ur.<\/h4>\n<p>A.T.H. Hundar sem taka &nbsp;\u00fe\u00e1tt \u00ed UF, OF og KF taka me\u00f0 s\u00e9r s\u00fdningarstig \u00ed alla flokka.<\/p>\n<p>Til a\u00f0 \u00fatsk\u00fdra stigah\u00e6sta hund OA \u00fe\u00e1 g\u00e6ti \u00fea\u00f0 til d\u00e6mis veri\u00f0 hundur sem byrjar \u00ed UF, f\u00e6rist svo upp \u00ed OF \u00e1 mi\u00f0ju \u00e1ri og endar kannski \u00ed KF, f\u00e6r stig \u00ed \u00f6llum flokkum sem leggjast saman.<br \/>Stigin \u00feurfa ekki a\u00f0 koma \u00far m\u00f6rgum flokkum, \u00fev\u00ed hundur \u00ed KF g\u00e6ti h\u00e6glega veri\u00f0 me\u00f0 flestu stigin OA \u00far \u00feeim eina flokki.<br \/>S\u00fdningarstig g\u00e6tu \u00fe\u00e1 \u00feessvegna talist tvisvar \u00ed OA \u00fear sem &#8222;samtals&#8220; reitirnir eru lag\u00f0ir saman.<\/p>\n<p>Munum a\u00f0 \u00feetta er gert til gamans og til \u00feess a\u00f0 skapa skemmtilega stemmningu \u00ed kring um \u00feetta fr\u00e1b\u00e6ra sport \ud83d\ude42<\/p>\n<h3>&nbsp;<\/h3>\n<h2>Stigakeppni &nbsp;Vorstehdeildar 2017 &#8211; sta\u00f0an:<\/h2>\n<p><a href=\"http:\/\/www.vorsteh.is\/wp-content\/uploads\/2018\/01\/Stigatafla-2017-eftir-Nov-s\u00fdningu.pdf\"><img loading=\"lazy\" decoding=\"async\" class=\"alignnone wp-image-3955 size-full\" src=\"http:\/\/www.vorsteh.is\/wp-content\/uploads\/2016\/02\/Stigatafla-2016-samsett-logo.jpg\" alt=\"Stigatafla 2016 samsett logo\" width=\"257\" height=\"241\"><\/a><\/p>\n<h3>&nbsp;<\/h3>\n<h3>H\u00e9r er skortafla Vorstehdeildar sem unni\u00f0 er eftir \u00ed stigakeppninni \u00e1ri\u00f0 2016:<\/h3>\n<h1><a href=\"http:\/\/www.vorsteh.is\/wp-content\/uploads\/2016\/02\/Stigagjof_2016.pdf\">Skortafla 2016<\/a><\/h1>\n<h4>&nbsp;Eftir \u00e1ri\u00f0 eru stigah\u00e6stu hundar \u00ed Keppnisflokk, Opnum flokk og Unghundaflokk hei\u00f0ra\u00f0ir.<\/h4>\n<p>A.T.H. Hundar sem taka \u00fe\u00e1tt \u00ed OF og KF taka me\u00f0 s\u00e9r s\u00fdningarstig \u00ed b\u00e1\u00f0a flokka.<br \/>Stj\u00f3rn vekur athygli \u00e1 a\u00f0 \u00e1 s\u00ed\u00f0asta a\u00f0alfundi deildarinar \u00feann 10\/2 var sam\u00feykkt a\u00f0 eigendur hunda \u00ed deildinni sem taka \u00fe\u00e1tt \u00ed vi\u00f0bur\u00f0um \u00e1 vegum HRF\u00cd, vei\u00f0ipr\u00f3f\/s\u00fdningum, eru sj\u00e1lfir \u00e1byrgir fyrir \u00fev\u00ed a\u00f0 koma g\u00f6gnum \u00e1lei\u00f0is til gangavar\u00f0ar deildarinar, svo h\u00e6gt s\u00e9 a\u00f0 uppf\u00e6ra stigagj\u00f6f \u00ed keppni stigah\u00e6stu hunda deildarinnar eins flj\u00f3tt og kostur er.<br \/>H\u00e6gt er a\u00f0 skanna e\u00f0a taka lj\u00f3smyndir af skor bla\u00f0i og senda \u00e1 <a href=\"mailto:vorsteh@vorsteh.is\">vorsteh@vorsteh.is <\/a><br \/>Me\u00f0 fyrirfram \u00fe\u00f6kk ,<br \/>Stj\u00f3rn Vorstehdeidar<\/p>\n<h2>Stigakeppni &nbsp;Vorstehdeildar 2016 &#8211; sta\u00f0an:<\/h2>\n<p><a href=\"http:\/\/www.vorsteh.is\/wp-content\/uploads\/2016\/11\/Stigatafla-2016-e-\u00e1ri\u00f0.pdf\"><img loading=\"lazy\" decoding=\"async\" class=\"alignnone wp-image-3955 size-full\" src=\"http:\/\/www.vorsteh.is\/wp-content\/uploads\/2016\/02\/Stigatafla-2016-samsett-logo.jpg\" alt=\"Stigatafla 2016 samsett logo\" width=\"257\" height=\"241\"><\/a><\/p>\n<h2>&nbsp;<\/h2>\n<h1>2015<\/h1>\n<h1>&nbsp;<a href=\"http:\/\/www.vorsteh.is\/wp-content\/uploads\/2016\/02\/\u00farslit-2015-final.pdf\"><img loading=\"lazy\" decoding=\"async\" class=\"alignnone size-medium wp-image-3942\" src=\"http:\/\/www.vorsteh.is\/wp-content\/uploads\/2016\/02\/urslit_2015_logo-267x300.jpg\" alt=\"urslit_2015_logo\" width=\"267\" height=\"300\" srcset=\"https:\/\/www.vorsteh.is\/wp-content\/uploads\/2016\/02\/urslit_2015_logo-267x300.jpg 267w, https:\/\/www.vorsteh.is\/wp-content\/uploads\/2016\/02\/urslit_2015_logo.jpg 341w\" sizes=\"auto, (max-width: 267px) 100vw, 267px\" \/><\/a><\/h1>\n<h1>2011<\/h1>\n<div id=\"attachment_1140\" style=\"width: 310px\" class=\"wp-caption alignnone\"><a href=\"http:\/\/www.vorsteh.is\/wp-content\/uploads\/2011\/11\/Stigatafla-2011.jpg\"><img loading=\"lazy\" decoding=\"async\" aria-describedby=\"caption-attachment-1140\" class=\"size-medium wp-image-1140\" title=\"Stigatafla 2011\" src=\"http:\/\/www.vorsteh.is\/wp-content\/uploads\/2011\/11\/Stigatafla-2011-300x121.jpg\" alt=\"\" width=\"300\" height=\"121\" srcset=\"https:\/\/www.vorsteh.is\/wp-content\/uploads\/2011\/11\/Stigatafla-2011-300x121.jpg 300w, https:\/\/www.vorsteh.is\/wp-content\/uploads\/2011\/11\/Stigatafla-2011-1024x414.jpg 1024w\" sizes=\"auto, (max-width: 300px) 100vw, 300px\" \/><\/a><p id=\"caption-attachment-1140\" class=\"wp-caption-text\">Stigakeppni Vorsteh 2011<\/p><\/div>\n<div>&nbsp;<\/div>\n<div>\n<h1><strong>2010<\/strong><\/h1>\n<div>Stigakeppni Vorsteh 2010<\/div>\n<div id=\"attachment_1099\" style=\"width: 310px\" class=\"wp-caption alignnone\"><a href=\"http:\/\/www.vorsteh.is\/wp-content\/uploads\/2011\/11\/Stigakeppni-Vorsteh-2010.jpg\"><img loading=\"lazy\" decoding=\"async\" aria-describedby=\"caption-attachment-1099\" class=\"size-medium wp-image-1099\" title=\"Stigakeppni Vorsteh 2010\" src=\"http:\/\/www.vorsteh.is\/wp-content\/uploads\/2011\/11\/Stigakeppni-Vorsteh-2010-300x207.jpg\" alt=\"\" width=\"300\" height=\"207\" srcset=\"https:\/\/www.vorsteh.is\/wp-content\/uploads\/2011\/11\/Stigakeppni-Vorsteh-2010-300x207.jpg 300w, https:\/\/www.vorsteh.is\/wp-content\/uploads\/2011\/11\/Stigakeppni-Vorsteh-2010-1024x707.jpg 1024w, https:\/\/www.vorsteh.is\/wp-content\/uploads\/2011\/11\/Stigakeppni-Vorsteh-2010.jpg 1105w\" sizes=\"auto, (max-width: 300px) 100vw, 300px\" \/><\/a><p id=\"caption-attachment-1099\" class=\"wp-caption-text\">Stigakeppni Vorsteh 2010<\/p><\/div>\n<div>&nbsp;<\/div>\n<h1><strong>2009<\/strong><\/h1>\n<div><a href=\"http:\/\/www.vorsteh.is\/wp-content\/uploads\/2011\/11\/\u00c1ri\u00f0-2009-\u00ed-Stigakeppni.xlsx\">\u00c1ri\u00f0 2009 \u00ed Stigakeppni<\/a><\/div>\n<div>&nbsp;<\/div>\n<div>&nbsp;<\/div>\n<\/div>\n\n\n<p><\/p>\n\n\n\n<p><\/p>\n\n\n\n<p><\/p>\n\n\n\n<h2 class=\"wp-block-heading\"><\/h2>\n\n\n\n<h2 class=\"wp-block-heading\"><\/h2>\n","protected":false},"excerpt":{"rendered":"<p>Reglur fyrir stigagj\u00f6f m\u00e1 finna h\u00e9r. \u00darslit stigakeppni Vorstehdeildar \u00e1rsins 2025 Stigah\u00e6stu hundar Vorstehdeildar \u00e1rsins 2025 | Vorsteh.is \u00darslit Stigakeppni Vorstehdeildar 2022 H\u00e9r m\u00e1 finna \u00farslit \u00ed stigakeppni Vorstehdeildar vegna \u00e1rsins 2022. Ef einhverjar athugasemdir eru vegna stigagjafar, vinsamlegast sendi\u00f0 &hellip; <a href=\"https:\/\/www.vorsteh.is\/?page_id=1095\">Halda \u00e1fram a\u00f0 lesa <span class=\"meta-nav\">&rarr;<\/span><\/a><\/p>\n","protected":false},"author":1,"featured_media":0,"parent":30,"menu_order":2,"comment_status":"closed","ping_status":"closed","template":"","meta":{"_monsterinsights_skip_tracking":false,"_monsterinsights_sitenote_active":false,"_monsterinsights_sitenote_note":"","_monsterinsights_sitenote_category":0,"ngg_post_thumbnail":0,"_mc_calendar":[],"footnotes":""},"class_list":["post-1095","page","type-page","status-publish","hentry"],"_links":{"self":[{"href":"https:\/\/www.vorsteh.is\/index.php?rest_route=\/wp\/v2\/pages\/1095","targetHints":{"allow":["GET"]}}],"collection":[{"href":"https:\/\/www.vorsteh.is\/index.php?rest_route=\/wp\/v2\/pages"}],"about":[{"href":"https:\/\/www.vorsteh.is\/index.php?rest_route=\/wp\/v2\/types\/page"}],"author":[{"embeddable":true,"href":"https:\/\/www.vorsteh.is\/index.php?rest_route=\/wp\/v2\/users\/1"}],"replies":[{"embeddable":true,"href":"https:\/\/www.vorsteh.is\/index.php?rest_route=%2Fwp%2Fv2%2Fcomments&post=1095"}],"version-history":[{"count":72,"href":"https:\/\/www.vorsteh.is\/index.php?rest_route=\/wp\/v2\/pages\/1095\/revisions"}],"predecessor-version":[{"id":7753,"href":"https:\/\/www.vorsteh.is\/index.php?rest_route=\/wp\/v2\/pages\/1095\/revisions\/7753"}],"up":[{"embeddable":true,"href":"https:\/\/www.vorsteh.is\/index.php?rest_route=\/wp\/v2\/pages\/30"}],"wp:attachment":[{"href":"https:\/\/www.vorsteh.is\/index.php?rest_route=%2Fwp%2Fv2%2Fmedia&parent=1095"}],"curies":[{"name":"wp","href":"https:\/\/api.w.org\/{rel}","templated":true}]}}